{"id":110269,"date":"2019-05-02T13:06:43","date_gmt":"2019-05-02T11:06:43","guid":{"rendered":"https:\/\/www.yves-rocher-fondation.org\/partenaires-2\/"},"modified":"2019-10-25T12:58:57","modified_gmt":"2019-10-25T10:58:57","slug":"partners","status":"publish","type":"page","link":"https:\/\/www.yves-rocher-fondation.org\/en\/partners\/","title":{"rendered":"Partners"},"content":{"rendered":"\t\t<div data-elementor-type=\"wp-post\" data-elementor-id=\"110269\" class=\"elementor elementor-110269 elementor-101957 elementor-bc-flex-widget\">\n\t\t\t\t\t\t<section class=\"elementor-section elementor-top-section elementor-element elementor-element-e187f37 elementor-section-boxed elementor-section-height-default elementor-section-height-default\" data-id=\"e187f37\" data-element_type=\"section\">\n\t\t\t\t\t\t<div class=\"elementor-container elementor-column-gap-default\">\n\t\t\t\t\t<div class=\"elementor-column elementor-col-100 elementor-top-column elementor-element elementor-element-db8bcdd\" data-id=\"db8bcdd\" data-element_type=\"column\">\n\t\t\t<div class=\"elementor-widget-wrap elementor-element-populated\">\n\t\t\t\t\t\t<div class=\"elementor-element elementor-element-b814121 elementor-widget elementor-widget-spacer\" data-id=\"b814121\" data-element_type=\"widget\" data-widget_type=\"spacer.default\">\n\t\t\t\t<div class=\"elementor-widget-container\">\n\t\t\t\t\t<div class=\"elementor-spacer\">\n\t\t\t<div class=\"elementor-spacer-inner\"><\/div>\n\t\t<\/div>\n\t\t\t\t<\/div>\n\t\t\t\t<\/div>\n\t\t\t\t\t<\/div>\n\t\t<\/div>\n\t\t\t\t\t<\/div>\n\t\t<\/section>\n\t\t\t\t<section class=\"elementor-section elementor-top-section elementor-element elementor-element-8136122 elementor-section-boxed elementor-section-height-default elementor-section-height-default\" data-id=\"8136122\" data-element_type=\"section\">\n\t\t\t\t\t\t<div class=\"elementor-container elementor-column-gap-default\">\n\t\t\t\t\t<div class=\"elementor-column elementor-col-100 elementor-top-column elementor-element elementor-element-1f0dbe2\" data-id=\"1f0dbe2\" data-element_type=\"column\">\n\t\t\t<div class=\"elementor-widget-wrap elementor-element-populated\">\n\t\t\t\t\t\t<div class=\"elementor-element elementor-element-ea231a2 elementor-widget elementor-widget-heading\" data-id=\"ea231a2\" data-element_type=\"widget\" data-widget_type=\"heading.default\">\n\t\t\t\t<div class=\"elementor-widget-container\">\n\t\t\t<h3 class=\"elementor-heading-title elementor-size-default\">Partners of the Yves Rocher Foundation <\/h3>\t\t<\/div>\n\t\t\t\t<\/div>\n\t\t\t\t\t<\/div>\n\t\t<\/div>\n\t\t\t\t\t<\/div>\n\t\t<\/section>\n\t\t\t\t<section class=\"elementor-section elementor-top-section elementor-element elementor-element-2edf5a1 elementor-section-boxed elementor-section-height-default elementor-section-height-default\" data-id=\"2edf5a1\" data-element_type=\"section\">\n\t\t\t\t\t\t<div class=\"elementor-container elementor-column-gap-default\">\n\t\t\t\t\t<div class=\"elementor-column elementor-col-100 elementor-top-column elementor-element elementor-element-7d18069\" data-id=\"7d18069\" data-element_type=\"column\">\n\t\t\t<div class=\"elementor-widget-wrap elementor-element-populated\">\n\t\t\t\t\t\t<div class=\"elementor-element elementor-element-42334e6 elementor-widget-divider--view-line elementor-widget elementor-widget-divider\" data-id=\"42334e6\" data-element_type=\"widget\" data-widget_type=\"divider.default\">\n\t\t\t\t<div class=\"elementor-widget-container\">\n\t\t\t\t\t<div class=\"elementor-divider\">\n\t\t\t<span class=\"elementor-divider-separator\">\n\t\t\t\t\t\t<\/span>\n\t\t<\/div>\n\t\t\t\t<\/div>\n\t\t\t\t<\/div>\n\t\t\t\t\t<\/div>\n\t\t<\/div>\n\t\t\t\t\t<\/div>\n\t\t<\/section>\n\t\t\t\t<\/div>\n\t\t","protected":false},"excerpt":{"rendered":"<p>Partners of the Yves Rocher Foundation<\/p>\n","protected":false},"author":1,"featured_media":102433,"parent":0,"menu_order":0,"comment_status":"closed","ping_status":"closed","template":"page-partenaire.php","meta":{"footnotes":""},"categories":[],"class_list":["post-110269","page","type-page","status-publish","has-post-thumbnail","hentry"],"yoast_head":"<!-- This site is optimized with the Yoast SEO plugin v26.1.1 - https:\/\/yoast.com\/wordpress\/plugins\/seo\/ -->\n<title>Partners - Fondation Yves Rocher -110269<\/title>\n<meta name=\"description\" content=\"Partners , Reconnue d\u2019utilit\u00e9 publique, la Fondation Yves Rocher agit pour la biodiversit\u00e9. D\u00e9couvrez l\u2019engagement de la Fondation et ses programmes phares. Fondation Yves Rocher 110269\" \/>\n<meta name=\"robots\" content=\"index, follow, max-snippet:-1, max-image-preview:large, max-video-preview:-1\" \/>\n<link rel=\"canonical\" href=\"https:\/\/www.yves-rocher-fondation.org\/en\/partners\/\" \/>\n<meta property=\"og:locale\" content=\"en_US\" \/>\n<meta property=\"og:type\" content=\"article\" \/>\n<meta property=\"og:title\" content=\"Partners - Fondation Yves Rocher -110269\" \/>\n<meta property=\"og:description\" content=\"Partners , Reconnue d\u2019utilit\u00e9 publique, la Fondation Yves Rocher agit pour la biodiversit\u00e9. D\u00e9couvrez l\u2019engagement de la Fondation et ses programmes phares. Fondation Yves Rocher 110269\" \/>\n<meta property=\"og:url\" content=\"https:\/\/www.yves-rocher-fondation.org\/en\/partners\/\" \/>\n<meta property=\"og:site_name\" content=\"Fondation Yves Rocher\" \/>\n<meta property=\"article:modified_time\" content=\"2019-10-25T10:58:57+00:00\" \/>\n<meta property=\"og:image\" content=\"https:\/\/www.yves-rocher-fondation.org\/wp-content\/uploads\/2019\/05\/G\u00e9n\u00e9rique-1.jpg\" \/>\n\t<meta property=\"og:image:width\" content=\"1170\" \/>\n\t<meta property=\"og:image:height\" content=\"670\" \/>\n\t<meta property=\"og:image:type\" content=\"image\/jpeg\" \/>\n<meta name=\"twitter:card\" content=\"summary_large_image\" \/>\n<script type=\"application\/ld+json\" class=\"yoast-schema-graph\">{\"@context\":\"https:\/\/schema.org\",\"@graph\":[{\"@type\":\"WebPage\",\"@id\":\"https:\/\/www.yves-rocher-fondation.org\/en\/partners\/\",\"url\":\"https:\/\/www.yves-rocher-fondation.org\/en\/partners\/\",\"name\":\"Partners - Fondation Yves Rocher -110269\",\"isPartOf\":{\"@id\":\"https:\/\/www.yves-rocher-fondation.org\/en\/#website\"},\"primaryImageOfPage\":{\"@id\":\"https:\/\/www.yves-rocher-fondation.org\/en\/partners\/#primaryimage\"},\"image\":{\"@id\":\"https:\/\/www.yves-rocher-fondation.org\/en\/partners\/#primaryimage\"},\"thumbnailUrl\":\"https:\/\/www.yves-rocher-fondation.org\/wp-content\/uploads\/2019\/05\/G\u00e9n\u00e9rique-1.jpg\",\"datePublished\":\"2019-05-02T11:06:43+00:00\",\"dateModified\":\"2019-10-25T10:58:57+00:00\",\"description\":\"Partners , Reconnue d\u2019utilit\u00e9 publique, la Fondation Yves Rocher agit pour la biodiversit\u00e9. D\u00e9couvrez l\u2019engagement de la Fondation et ses programmes phares. Fondation Yves Rocher 110269\",\"breadcrumb\":{\"@id\":\"https:\/\/www.yves-rocher-fondation.org\/en\/partners\/#breadcrumb\"},\"inLanguage\":\"en-US\",\"potentialAction\":[{\"@type\":\"ReadAction\",\"target\":[\"https:\/\/www.yves-rocher-fondation.org\/en\/partners\/\"]}]},{\"@type\":\"ImageObject\",\"inLanguage\":\"en-US\",\"@id\":\"https:\/\/www.yves-rocher-fondation.org\/en\/partners\/#primaryimage\",\"url\":\"https:\/\/www.yves-rocher-fondation.org\/wp-content\/uploads\/2019\/05\/G\u00e9n\u00e9rique-1.jpg\",\"contentUrl\":\"https:\/\/www.yves-rocher-fondation.org\/wp-content\/uploads\/2019\/05\/G\u00e9n\u00e9rique-1.jpg\",\"width\":1170,\"height\":670},{\"@type\":\"BreadcrumbList\",\"@id\":\"https:\/\/www.yves-rocher-fondation.org\/en\/partners\/#breadcrumb\",\"itemListElement\":[{\"@type\":\"ListItem\",\"position\":1,\"name\":\"Home\",\"item\":\"https:\/\/www.yves-rocher-fondation.org\/en\/home-page-english\/\"},{\"@type\":\"ListItem\",\"position\":2,\"name\":\"Partners\"}]},{\"@type\":\"WebSite\",\"@id\":\"https:\/\/www.yves-rocher-fondation.org\/en\/#website\",\"url\":\"https:\/\/www.yves-rocher-fondation.org\/en\/\",\"name\":\"Fondation Yves Rocher\",\"description\":\"Fondation Yves Rocher\",\"potentialAction\":[{\"@type\":\"SearchAction\",\"target\":{\"@type\":\"EntryPoint\",\"urlTemplate\":\"https:\/\/www.yves-rocher-fondation.org\/en\/?s={search_term_string}\"},\"query-input\":{\"@type\":\"PropertyValueSpecification\",\"valueRequired\":true,\"valueName\":\"search_term_string\"}}],\"inLanguage\":\"en-US\"}]}<\/script>\n<!-- \/ Yoast SEO plugin. -->","yoast_head_json":{"title":"Partners - Fondation Yves Rocher -110269","description":"Partners , Reconnue d\u2019utilit\u00e9 publique, la Fondation Yves Rocher agit pour la biodiversit\u00e9. D\u00e9couvrez l\u2019engagement de la Fondation et ses programmes phares. Fondation Yves Rocher 110269","robots":{"index":"index","follow":"follow","max-snippet":"max-snippet:-1","max-image-preview":"max-image-preview:large","max-video-preview":"max-video-preview:-1"},"canonical":"https:\/\/www.yves-rocher-fondation.org\/en\/partners\/","og_locale":"en_US","og_type":"article","og_title":"Partners - Fondation Yves Rocher -110269","og_description":"Partners , Reconnue d\u2019utilit\u00e9 publique, la Fondation Yves Rocher agit pour la biodiversit\u00e9. D\u00e9couvrez l\u2019engagement de la Fondation et ses programmes phares. Fondation Yves Rocher 110269","og_url":"https:\/\/www.yves-rocher-fondation.org\/en\/partners\/","og_site_name":"Fondation Yves Rocher","article_modified_time":"2019-10-25T10:58:57+00:00","og_image":[{"width":1170,"height":670,"url":"https:\/\/www.yves-rocher-fondation.org\/wp-content\/uploads\/2019\/05\/G\u00e9n\u00e9rique-1.jpg","type":"image\/jpeg"}],"twitter_card":"summary_large_image","schema":{"@context":"https:\/\/schema.org","@graph":[{"@type":"WebPage","@id":"https:\/\/www.yves-rocher-fondation.org\/en\/partners\/","url":"https:\/\/www.yves-rocher-fondation.org\/en\/partners\/","name":"Partners - Fondation Yves Rocher -110269","isPartOf":{"@id":"https:\/\/www.yves-rocher-fondation.org\/en\/#website"},"primaryImageOfPage":{"@id":"https:\/\/www.yves-rocher-fondation.org\/en\/partners\/#primaryimage"},"image":{"@id":"https:\/\/www.yves-rocher-fondation.org\/en\/partners\/#primaryimage"},"thumbnailUrl":"https:\/\/www.yves-rocher-fondation.org\/wp-content\/uploads\/2019\/05\/G\u00e9n\u00e9rique-1.jpg","datePublished":"2019-05-02T11:06:43+00:00","dateModified":"2019-10-25T10:58:57+00:00","description":"Partners , Reconnue d\u2019utilit\u00e9 publique, la Fondation Yves Rocher agit pour la biodiversit\u00e9. D\u00e9couvrez l\u2019engagement de la Fondation et ses programmes phares. Fondation Yves Rocher 110269","breadcrumb":{"@id":"https:\/\/www.yves-rocher-fondation.org\/en\/partners\/#breadcrumb"},"inLanguage":"en-US","potentialAction":[{"@type":"ReadAction","target":["https:\/\/www.yves-rocher-fondation.org\/en\/partners\/"]}]},{"@type":"ImageObject","inLanguage":"en-US","@id":"https:\/\/www.yves-rocher-fondation.org\/en\/partners\/#primaryimage","url":"https:\/\/www.yves-rocher-fondation.org\/wp-content\/uploads\/2019\/05\/G\u00e9n\u00e9rique-1.jpg","contentUrl":"https:\/\/www.yves-rocher-fondation.org\/wp-content\/uploads\/2019\/05\/G\u00e9n\u00e9rique-1.jpg","width":1170,"height":670},{"@type":"BreadcrumbList","@id":"https:\/\/www.yves-rocher-fondation.org\/en\/partners\/#breadcrumb","itemListElement":[{"@type":"ListItem","position":1,"name":"Home","item":"https:\/\/www.yves-rocher-fondation.org\/en\/home-page-english\/"},{"@type":"ListItem","position":2,"name":"Partners"}]},{"@type":"WebSite","@id":"https:\/\/www.yves-rocher-fondation.org\/en\/#website","url":"https:\/\/www.yves-rocher-fondation.org\/en\/","name":"Fondation Yves Rocher","description":"Fondation Yves Rocher","potentialAction":[{"@type":"SearchAction","target":{"@type":"EntryPoint","urlTemplate":"https:\/\/www.yves-rocher-fondation.org\/en\/?s={search_term_string}"},"query-input":{"@type":"PropertyValueSpecification","valueRequired":true,"valueName":"search_term_string"}}],"inLanguage":"en-US"}]}},"_links":{"self":[{"href":"https:\/\/www.yves-rocher-fondation.org\/en\/wp-json\/wp\/v2\/pages\/110269","targetHints":{"allow":["GET"]}}],"collection":[{"href":"https:\/\/www.yves-rocher-fondation.org\/en\/wp-json\/wp\/v2\/pages"}],"about":[{"href":"https:\/\/www.yves-rocher-fondation.org\/en\/wp-json\/wp\/v2\/types\/page"}],"author":[{"embeddable":true,"href":"https:\/\/www.yves-rocher-fondation.org\/en\/wp-json\/wp\/v2\/users\/1"}],"replies":[{"embeddable":true,"href":"https:\/\/www.yves-rocher-fondation.org\/en\/wp-json\/wp\/v2\/comments?post=110269"}],"version-history":[{"count":3,"href":"https:\/\/www.yves-rocher-fondation.org\/en\/wp-json\/wp\/v2\/pages\/110269\/revisions"}],"predecessor-version":[{"id":111717,"href":"https:\/\/www.yves-rocher-fondation.org\/en\/wp-json\/wp\/v2\/pages\/110269\/revisions\/111717"}],"wp:featuredmedia":[{"embeddable":true,"href":"https:\/\/www.yves-rocher-fondation.org\/en\/wp-json\/wp\/v2\/media\/102433"}],"wp:attachment":[{"href":"https:\/\/www.yves-rocher-fondation.org\/en\/wp-json\/wp\/v2\/media?parent=110269"}],"wp:term":[{"taxonomy":"category","embeddable":true,"href":"https:\/\/www.yves-rocher-fondation.org\/en\/wp-json\/wp\/v2\/categories?post=110269"}],"curies":[{"name":"wp","href":"https:\/\/api.w.org\/{rel}","templated":true}]}}

<!-- This site is optimized with the Yoast SEO plugin v26.1.1 - https://yoast.com/wordpress/plugins/seo/ -->
<title>Partners - Fondation Yves Rocher -110269</title>
<meta name="description" content="Partners , Reconnue d’utilité publique, la Fondation Yves Rocher agit pour la biodiversité. Découvrez l’engagement de la Fondation et ses programmes phares. Fondation Yves Rocher 110269" />
<meta name="robots" content="index, follow, max-snippet:-1, max-image-preview:large, max-video-preview:-1" />
<link rel="canonical" href="https://www.yves-rocher-fondation.org/en/partners/" />
<meta property="og:locale" content="en_US" />
<meta property="og:type" content="article" />
<meta property="og:title" content="Partners - Fondation Yves Rocher -110269" />
<meta property="og:description" content="Partners , Reconnue d’utilité publique, la Fondation Yves Rocher agit pour la biodiversité. Découvrez l’engagement de la Fondation et ses programmes phares. Fondation Yves Rocher 110269" />
<meta property="og:url" content="https://www.yves-rocher-fondation.org/en/partners/" />
<meta property="og:site_name" content="Fondation Yves Rocher" />
<meta property="article:modified_time" content="2019-10-25T10:58:57+00:00" />
<meta property="og:image" content="https://www.yves-rocher-fondation.org/wp-content/uploads/2019/05/Générique-1.jpg" />
	<meta property="og:image:width" content="1170" />
	<meta property="og:image:height" content="670" />
	<meta property="og:image:type" content="image/jpeg" />
<meta name="twitter:card" content="summary_large_image" />
<script type="application/ld+json" class="yoast-schema-graph">{"@context":"https://schema.org","@graph":[{"@type":"WebPage","@id":"https://www.yves-rocher-fondation.org/en/partners/","url":"https://www.yves-rocher-fondation.org/en/partners/","name":"Partners - Fondation Yves Rocher -110269","isPartOf":{"@id":"https://www.yves-rocher-fondation.org/en/#website"},"primaryImageOfPage":{"@id":"https://www.yves-rocher-fondation.org/en/partners/#primaryimage"},"image":{"@id":"https://www.yves-rocher-fondation.org/en/partners/#primaryimage"},"thumbnailUrl":"https://www.yves-rocher-fondation.org/wp-content/uploads/2019/05/Générique-1.jpg","datePublished":"2019-05-02T11:06:43+00:00","dateModified":"2019-10-25T10:58:57+00:00","description":"Partners , Reconnue d’utilité publique, la Fondation Yves Rocher agit pour la biodiversité. Découvrez l’engagement de la Fondation et ses programmes phares. Fondation Yves Rocher 110269","breadcrumb":{"@id":"https://www.yves-rocher-fondation.org/en/partners/#breadcrumb"},"inLanguage":"en-US","potentialAction":[{"@type":"ReadAction","target":["https://www.yves-rocher-fondation.org/en/partners/"]}]},{"@type":"ImageObject","inLanguage":"en-US","@id":"https://www.yves-rocher-fondation.org/en/partners/#primaryimage","url":"https://www.yves-rocher-fondation.org/wp-content/uploads/2019/05/Générique-1.jpg","contentUrl":"https://www.yves-rocher-fondation.org/wp-content/uploads/2019/05/Générique-1.jpg","width":1170,"height":670},{"@type":"BreadcrumbList","@id":"https://www.yves-rocher-fondation.org/en/partners/#breadcrumb","itemListElement":[{"@type":"ListItem","position":1,"name":"Home","item":"https://www.yves-rocher-fondation.org/en/home-page-english/"},{"@type":"ListItem","position":2,"name":"Partners"}]},{"@type":"WebSite","@id":"https://www.yves-rocher-fondation.org/en/#website","url":"https://www.yves-rocher-fondation.org/en/","name":"Fondation Yves Rocher","description":"Fondation Yves Rocher","potentialAction":[{"@type":"SearchAction","target":{"@type":"EntryPoint","urlTemplate":"https://www.yves-rocher-fondation.org/en/?s={search_term_string}"},"query-input":{"@type":"PropertyValueSpecification","valueRequired":true,"valueName":"search_term_string"}}],"inLanguage":"en-US"}]}</script>
<!-- / Yoast SEO plugin. -->

Partners , Reconnue d’utilité publique, la Fondation Yves Rocher agit pour la biodiversité. Découvrez l’engagement de la Fondation et ses programmes phares. Fondation Yves Rocher 110269

https://www.yves-rocher-fondation.org/wp-content/uploads/2019/05/Générique-1.jpg
